 b(i) = 2*i**3 + 6*i**2 - i - 7. Calculate b(-3).
-4
Let d(c) = 5*c**2 - 5. Give d(4).
75
Let f(l) = -2*l**2 + 31*l - 114. What is f(9)?
3
Let u(v) = -v**3 + 10*v**2 - 12*v + 1. Determine u(9).
-26
Let w(a) = -14*a**3 - a. Determine w(-1).
15
Let k(w) = w**3 + 2*w**2 - 31*w - 81. Calculate k(-3).
3
Let n(l) = -l**3 - 6*l**2 + 25*l - 5. Give n(-9).
13
Let b(h) = -h**2 - 37*h - 125. Determine b(-33).
7
Let o(k) = 5*k**3 - k**2 + 1. Give o(-1).
-5
Let j(h) = -h**2 + 10*h + 72. What is j(15)?
-3
Let t(o) = o**3 + 8*o**2 + o + 4. Determine t(-8).
-4
Let f(w) = -w**3 + 11*w**2 - 27*w + 24. Determine f(8).
0
Let n(j) = -j**3 - 8*j**2 + 18*j - 22. What is n(-10)?
-2
Let x(p) = p**3 - 7*p**2 - 9*p - 9. Give x(8).
-17
Let d(p) = 2*p**2 - 5*p - 6. What is d(4)?
6
Let z(f) = 2*f**3 + f**2 - f - 2. Determine z(2).
16
Let q(u) = 20*u**2 - 10*u + 2. Give q(1).
12
Let z(y) = -y**3 + 10*y**2 + 6*y - 14. Calculate z(9).
121
Let a(o) = 3*o - 9. Give a(-8).
-33
Let k(m) = m**2 + m - 29. Give k(0).
-29
Let g(k) = 15*k. Give g(1).
15
Let k(d) = 8*d - 6. Calculate k(5).
34
Let q(w) = 3*w**2 + 9*w - 9. Calculate q(1).
3
Let w(t) = t**2 + 10*t - 16. What is w(-13)?
23
Let p(o) = -4*o**2 + 2*o - 1. What is p(3)?
-31
Let t(b) = 9*b**2 - 4*b + 3. Determine t(2).
31
Let h(k) = -k**2 - 2*k - 13. Determine h(-4).
-21
Let m(y) = y**3 - 9*y**2 + 12*y - 4. What is m(6)?
-40
Let a(r) = -r**3 + r**2 + 8*r - 8. Determine a(3).
-2
Let z(t) = t**2 + 12*t + 1. Give z(-6).
-35
Let y(v) = 3*v**3 + v**2 + 3*v - 1. Calculate y(2).
33
Let j(b) = -b**3 + 15*b**2 - 16*b. Determine j(14).
-28
Let p(q) = q - 6. Calculate p(8).
2
Let h(n) = 2*n**3 - 26*n**2 + 22*n + 15. Determine h(12).
-9
Let p(a) = a**2 + 9*a. Calculate p(-6).
-18
Let c(r) = r**3 + 11*r**2 + 18*r + 1. Calculate c(-9).
1
Let b(q) = q**3 + 33*q**2 + 31*q - 18. What is b(-32)?
14
Let o(f) = 2*f**3 + 3*f**2 + 2*f + 2. What is o(-2)?
-6
Let n(r) = r**2 + 55*r - 723. Give n(11).
3
Let a(d) = 2*d**2 - 68*d - 44. Calculate a(34).
-44
Let n(y) = y**3 - 15*y**2 + 2*y + 21. Calculate n(15).
51
Let a(h) = -h**2 + 5*h + 15. Give a(6).
9
Let g(t) = -t**2 + 14*t - 20. Determine g(13).
-7
Let n(y) = -2*y + 3. Calculate n(3).
-3
Let x(l) = -l**2 - 6*l + 1. Calculate x(2).
-15
Let m(r) = -r**3 + 29*r**2 - 29*r + 15. Determine m(28).
-13
Let x(q) = q**2 - 3*q - 7. Determine x(5).
3
Let f(w) = w**2 + 11*w - 6. Determine f(-5).
-36
Let f(i) = i**2 - 12*i + 18. Calculate f(10).
-2
Let q(z) = 4*z - 2. What is q(-3)?
-14
Let i(b) = -2*b**3 + 5*b**2 - 9*b + 11. What is i(3)?
-25
Let j(k) = k**3 - 7*k**2 + 7*k - 106. What is j(8)?
14
Let p(c) = -c**3 - c**2 - 5*c + 9. What is p(0)?
9
Let h(a) = a**3 + 4*a**2 + 7*a + 4. Determine h(-2).
-2
Let f(c) = c**3 + 10*c**2 - 8*c + 40. Determine f(-11).
7
Let a(u) = -u**3 + 7*u**2 - 2*u - 12. Determine a(6).
12
Let l(b) = 3*b + 7. Give l(-4).
-5
Let t(z) = -14*z**2 + 10*z - 3. Calculate t(1).
-7
Let l(o) = -67*o + 135. What is l(2)?
1
Let j(u) = -u**2 + 14*u + 10. Determine j(8).
58
Let d(s) = -6*s**2 + 24*s + 7. What is d(5)?
-23
Let l(x) = -x**3 - 32*x**2 + 34*x + 51. Determine l(-33).
18
Let j(w) = -3*w + 5. Calculate j(7).
-16
Let z(y) = 18*y**2 - 197*y - 12. Give z(11).
-1
Let x(h) = 2*h - 64. What is x(11)?
-42
Let k(y) = -9*y**2 - 6*y + 13. Calculate k(3).
-86
Let r(y) = -y**3 - 8*y**2 + 17*y + 74. Give r(-9).
2
Let o(m) = m**3 + 4*m**2 + m - 5. What is o(-2)?
1
Let f(c) = -c**3 + 6*c**2 - 5*c - 3. What is f(5)?
-3
Let w(h) = -h**2 + 14. What is w(5)?
-11
Let d(x) = x**3 + 17*x**2 - 2*x - 36. What is d(-17)?
-2
Let s(g) = g - 21. Calculate s(19).
-2
Let c(x) = x**2 - 13*x + 7. What is c(8)?
-33
Let z(h) = h**2 - 6*h - 5. Give z(6).
-5
Let t(k) = -7*k + 6. What is t(4)?
-22
Let q(a) = a**2 - 2*a + 2. What is q(4)?
10
Let d(t) = 26*t + 2. Determine d(0).
2
Let u(c) = c**3 - 6*c**2 - 2*c + 5. Determine u(7).
40
Let x(u) = u**3 - 5*u**2 - 6. Give x(4).
-22
Let z(h) = 2*h**3 - h. Give z(1).
1
Let i(c) = -3*c**3 - 75*c**2 - 3. Determine i(-25).
-3
Let v(y) = -y**3 + y**2 + 4*y + 1. Determine v(0).
1
Let z(g) = -g**2 + 20*g + 17. What is z(18)?
53
Let n(t) = 23*t - 758. Determine n(33).
1
Let y(x) = 213*x - 1282. Determine y(6).
-4
Let p(a) = -a**3 + 8*a**2 + 3*a - 19. What is p(8)?
5
Let v(l) = -l**2 + 10*l - 7. What is v(11)?
-18
Let i(t) = -t**2 - 12*t - 20. Calculate i(-12).
-20
Let j(f) = f**3 - 5*f**2 - 4*f + 8. What is j(6)?
20
Let i(p) = -2*p - 49. What is i(-25)?
1
Let l(x) = x**2 + 12*x - 133. Determine l(7).
0
Let p(h) = h**3 - 10*h + 7. What is p(-5)?
-68
Let w(z) = -z**2 + 12*z + 33. Give w(15).
-12
Let m(s) = 7*s - 56. Determine m(4).
-28
Let a(p) = -p**2 + 18*p - 25. What is a(6)?
47
Let h(z) = 3*z - 18. Calculate h(6).
0
Let n(g) = -g + 8. Calculate n(4).
4
Let y(d) = 25*d**3 + 2*d**2. Calculate y(-1).
-23
Let q(z) = z**2 - 14*z - 15. Give q(18).
57
Let w(k) = k**2 - 2*k - 1. Determine w(3).
2
Let r(c) = 2*c - 11. Calculate r(9).
7
Let n(m) = m**2 - 3*m + 2. Give n(3).
2
Let m(t) = t**3 - t**2 + 4*t - 2. Calculate m(2).
10
Let h(c) = -34*c - 5. Determine h(3).
-107
Let t(z) = -z - 43. Calculate t(-8).
-35
Let f(q) = -17*q - 90. Give f(-6).
12
Let n(h) = -4*h + 16. Determine n(4).
0
Let j(m) = 64*m - 30. Calculate j(4).
226
Let a(w) = 17*w - 2. Give a(3).
49
Let b(r) = -r**3 + 4*r**2 - 2*r - 3. Give b(3).
0
Let l(m) = -20*m - 116. Determine l(-6).
4
Let z(f) = -f**2 + 8*f + 3. Calculate z(8).
3
Let l(p) = -12*p + 131. What is l(11)?
-1
Let q(o) = -3*o - 14. Calculate q(-5).
1
Let s(k) = -k**3 + 4*k - 4. What is s(3)?
-19
Let l(r) = r**3 - r**2 - 6*r + 11. Calculate l(5).
81
Let i(l) = -l**3 + 8*l**2 - 13*l + 4. Give i(6).
-2
Let q(y) = y**2 + 6*y + 16. What is q(-3)?
7
Let d(u) = -2*u**2 + 7*u + 3. Determine d(4).
-1
Let t(x) = -x**3 - 9*x**2 - 10*x + 4. What is t(-8)?
20
Let u(y) = y**2 + 3*y + 11. What is u(-6)?
29
Let g(s) = -s**3 + 25*s**2 + 28*s - 60. What is g(26)?
-8
Let k(u) = -u**2 + 44*u - 436. Calculate k(15).
-1
Let y(a) = 3*a - 41. Determine y(12).
-5
Let g(a) = 3*a - 19. Determine g(8).
5
Let i(m) = -2*m - 70. Determine i(-19).
-32
Let g(l) = -l**2 + 7*l - 6. Determine g(7).
-6
Let y(n) = -n**2 - 3*n - 5. Give y(-2).
-3
Let d(k) = -15*k**3 - k**2 - 2*k + 9. Calculate d(2).
-119
Let x(q) = 30*q. Calculate x(1).
30
Let s(c) = -c**2 + c + 49. Give s(6).
19
Let t(m) = -5*m - 17. Calculate t(-11).
38
Let v(j) = -3*j**3 - j**2 - j + 1. Calculate v(1).
-4
Let f(k) = -4*k**2 + 5*k - 2. What is f(-4)?
-86
Let w(p) = p**2 + 13*p - 33. What is w(-16)?
15
Let k(f) = -2*f - 32. Determine k(-12).
-8
Let z(y) = y**2 - 10*y + 3. What is z(6)?
-21
Let k(l) = -46*l**2 + 8*l + 9. Calculate k(-1).
-45
Let p(z) = z**3 + 14*z**2 + 14*z - 16. Calculate p(-13).
-29
Let l(f) = 2*f**3 + 5*f**2 + 2*f + 5. Determine l(-4).
-51
Let b(o) = -9*o + 15. What is b(6)?
-39
Let n(p) = -p**3 - 6*p**2 + 4*p + 9. Calculate n(-6).
-15
Let g(m) = -m**3 - 8*m**2 + 8*m + 6. Calculate g(-9).
15
Let a(n) = -4*n**2 + 29*n - 7. Calculate a(7).
0
Let o(m) = -2*m**2 - 9*m + 1. Determine o(-4).
5
Let s(j) = -2*j**2 - 54*j - 65. Calculate s(-26).
-13
Let t(w) = 15*w - 1. Calculate t(3).
44
Let b(t) = t**3 - 3*t**2 + 6*t - 3. Calculate b(2).
5
Let j(d) = -5*d**3 - 4*d**2 + 7*d + 14. What is j(-2)?
24
Let a(z) = z + 43. Calculate a(-58).
-15
Let f(q) = q**3 + 34*q**2 + 66*q + 61. What is f(-32)?
-3
Let v(t) = -t - 8. Calculate v(10).
-18
Let k(t) = t**2 - 15*t + 20. Calculate k(15).
20
Let v(q) = -q**2 - 10*q - 17. Give v(-9).
-8
Let t(j) = 18*j + 71. Give t(-4).
-1
Let w(j) = -22*j - 3. Calculate w(2).
-47
Let o(m) = m**3 + 16*m**2 - 17*m + 11. What is o(-17)?
11
Let o(r) = -2*r**2 - 4*r + 7. Calculate o(-4).
-9
Let w(j) = j**3 + 2*j**2 + 7*j + 5. Calculate w(-2).
-9
Let d(z) = z**3 - 3*z**2 - 3*z + 8. Determine d(4).
12
Let a(c) = 7*c - 82. Give a(10).
-12
Let a(d) = 36*d**2 - 1. Calculate a(-1).
35
Let f(t) = -t**2 + 15. Determine f(0).
15
Let f(p) = p**3 - 30*p**2 + 32*p - 79. Calculate f(29).
8
Let w(h) = 11*h**2 - h + 1. Give w(-2).
47
Let w(q) = q**2 - 16*q + 60. Give w(12).
12
Let u(l) = -3*l - 6. Calculate u(-4).
6
Let q(b) = -b**3 - 4*b**2 - 2*b + 1. Give q(-2).
-3
Let h(u) = 9*u + 25. Determine h(-5).
-20
Let o(y) = y**2 + 35*y - 65. What is o(-37)?
9
Let c(l) = -l**2 + l + 8. Calculate c(0).
8
Let o(j) = j**2 - 16*j